lculate the remainder when 158 is divided by 35.
18
Calculate the remainder when 251 is divided by 7.
6
What is the remainder when 15449 is divided by 56?
49
Calculate the remainder when 198 is divided by 105.
93
What is the remainder when 213 is divided by 22?
15
What is the remainder when 455 is divided by 49?
14
What is the remainder when 1622 is divided by 273?
257
Calculate the remainder when 722 is divided by 73.
65
Calculate the remainder when 237 is divided by 45.
12
What is the remainder when 3632 is divided by 12?
8
What is the remainder when 1723 is divided by 255?
193
Calculate the remainder when 1046 is divided by 210.
206
What is the remainder when 1251 is divided by 157?
152
What is the remainder when 326 is divided by 28?
18
Calculate the remainder when 73 is divided by 29.
15
What is the remainder when 235 is divided by 71?
22
What is the remainder when 764 is divided by 377?
10
Calculate the remainder when 248 is divided by 105.
38
What is the remainder when 1907 is divided by 275?
257
What is the remainder when 2246 is divided by 457?
418
What is the remainder when 207 is divided by 4?
3
What is the remainder when 104 is divided by 37?
30
Calculate the remainder when 265 is divided by 68.
61
What is the remainder when 1097 is divided by 360?
17
What is the remainder when 3591 is divided by 224?
7
What is the remainder when 747 is divided by 23?
11
What is the remainder when 18 is divided by 6?
0
What is the remainder when 4205 is divided by 832?
45
What is the remainder when 489 is divided by 82?
79
Calculate the remainder when 366 is divided by 16.
14
What is the remainder when 3880 is divided by 216?
208
What is the remainder when 151 is divided by 51?
49
What is the remainder when 1313 is divided by 47?
44
Calculate the remainder when 2762 is divided by 156.
110
Calculate the remainder when 256 is divided by 20.
16
What is the remainder when 52 is divided by 50?
2
Calculate the remainder when 312 is divided by 38.
8
Calculate the remainder when 629 is divided by 18.
17
Calculate the remainder when 241 is divided by 52.
33
Calculate the remainder when 575 is divided by 48.
47
What is the remainder when 168 is divided by 17?
15
Calculate the remainder when 1455 is divided by 481.
12
What is the remainder when 2396 is divided by 15?
11
Calculate the remainder when 232 is divided by 17.
11
Calculate the remainder when 353 is divided by 71.
69
Calculate the remainder when 1230 is divided by 33.
9
What is the remainder when 758 is divided by 130?
108
Calculate the remainder when 6779 is divided by 117.
110
What is the remainder when 1300 is divided by 5?
0
Calculate the remainder when 173 is divided by 65.
43
Calculate the remainder when 1699 is divided by 18.
7
What is the remainder when 63 is divided by 27?
9
What is the remainder when 414 is divided by 113?
75
What is the remainder when 92 is divided by 20?
12
What is the remainder when 79 is divided by 25?
4
What is the remainder when 237 is divided by 30?
27
Calculate the remainder when 219 is divided by 114.
105
What is the remainder when 5526 is divided by 47?
27
Calculate the remainder when 499 is divided by 25.
24
What is the remainder when 349 is divided by 22?
19
Calculate the remainder when 32 is divided by 24.
8
Calculate the remainder when 1807 is divided by 112.
15
What is the remainder when 183 is divided by 8?
7
Calculate the remainder when 1791 is divided by 8.
7
Calculate the remainder when 29 is divided by 6.
5
Calculate the remainder when 3704 is divided by 38.
18
Calculate the remainder when 15 is divided by 3.
0
What is the remainder when 109 is divided by 28?
25
Calculate the remainder when 78 is divided by 31.
16
What is the remainder when 4215 is divided by 43?
1
Calculate the remainder when 3503 is divided by 24.
23
Calculate the remainder when 203 is divided by 26.
21
Calculate the remainder when 312 is divided by 31.
2
Calculate the remainder when 196 is divided by 66.
64
What is the remainder when 72 is divided by 13?
7
Calculate the remainder when 249 is divided by 12.
9
What is the remainder when 95 is divided by 11?
7
What is the remainder when 692 is divided by 21?
20
Calculate the remainder when 1887 is divided by 271.
261
What is the remainder when 310 is divided by 77?
2
What is the remainder when 116 is divided by 62?
54
What is the remainder when 2490 is divided by 21?
12
What is the remainder when 168 is divided by 82?
4
What is the remainder when 159 is divided by 21?
12
Calculate the remainder when 1726 is divided by 173.
169
What is the remainder when 225 is divided by 68?
21
Calculate the remainder when 55 is divided by 22.
11
What is the remainder when 2015 is divided by 40?
15
Calculate the remainder when 694 is divided by 238.
218
Calculate the remainder when 204 is divided by 86.
32
Calculate the remainder when 23 is divided by 14.
9
Calculate the remainder when 2090 is divided by 349.
345
Calculate the remainder when 48 is divided by 10.
8
Calculate the remainder when 64 is divided by 18.
10
Calculate the remainder when 1298 is divided by 34.
6
What is the remainder when 19439 is divided by 45?
44
What is the remainder when 426 is divided by 97?
38
What is the remainder when 107 is divided by 11?
8
Calculate the remainder when 1053 is divided by 154.
129
Calculate the remainder when 873 is divided by 110.
103
Calculate the remainder when 5936 is divided by 11.
7
Calculate the remainder when 861 is divided by 151.
106
Calculate the remainder when 253 is divided by 78.
19
What is the remainder when 1871 is divided by 26?
25
What is the remainder when 25784 is divided by 191?
190
Calculate the remainder when 355 is divided by 17.
15
Calculate the remainder when 484 is divided by 20.
4
What is the remainder when 1884 is divided by 376?
4
What is the remainder when 474 is divided by 28?
26
What is the remainder when 368 is divided by 26?
4
Calculate the remainder when 260 is divided by 25.
10
Calculate the remainder when 28 is divided by 16.
12
What is the remainder when 435 is divided by 153?
129
What is the remainder when 651 is divided by 25?
1
Calculate the remainder when 1952 is divided by 63.
62
What is the remainder when 3895 is divided by 9?
7
What is the remainder when 80 is divided by 22?
14
What is the remainder when 146 is divided by 78?
68
Calculate the remainder when 191 is divided by 5.
1
Calculate the remainder when 191 is divided by 75.
41
What is the remainder when 544 is divided by 286?
258
What is the remainder when 1087 is divided by 4?
3
What is the remainder when 54 is divided by 8?
6
Calculate the remainder when 16551 is divided by 178.
175
What is the remainder when 989 is divided by 10?
9
Calculate the remainder when 771 is divided by 112.
99
Calculate the remainder when 1034 is divided by 103.
4
What is the remainder when 31 is divided by 18?
13
Calculate the remainder when 5000 is divided by 143.
138
Calculate the remainder when 343 is divided by 70.
63
Calculate the remainder when 1065 is divided by 355.
0
Calculate the remainder when 141 is divided by 33.
9
Calculate the remainder when 407 is divided by 88.
55
What is the remainder when 192 is divided by 28?
24
Calculate the remainder when 2256 is divided by 58.
52
What is the remainder when 868 is divided by 7?
0
What is the remainder when 6400 is divided by 97?
95
Calculate the remainder when 1428 is divided by 54.
24
What is the remainder when 5408 is divided by 9?
8
Calculate the remainder when 234 is divided by 79.
76
Calculate the remainder when 140 is divided by 29.
24
What is the remainder when 671 is divided by 223?
2
What is the remainder when 169 is divided by 133?
36
Calculate the remainder when 3611 is divided by 139.
136
Calculate the remainder when 101 is divided by 4.
1
What is the remainder when 23 is divided by 7?
2
Calculate the remainder when 392 is divided by 173.
46
Calculate the remainder when 999 is divided by 5.
4
Calculate the remainder when 87 is divided by 44.
43
Calculate the remainder when 128 is divided by 33.
29
Calculate the remainder when 349 is divided by 70.
69
Calculate the remainder when 1424 is divided by 109.
7
Calculate the remainder when 1037 is divided by 8.
5
What is the remainder when 40 is divided by 15?
